s 38 divide 6352?
False
Is 115 a factor of 2415?
True
Is 13223 a multiple of 8?
False
Does 32 divide 524?
False
Does 11 divide 38412?
True
Is 61215 a multiple of 21?
True
Is 7796 a multiple of 35?
False
Is 108675 a multiple of 115?
True
Is 574 a multiple of 41?
True
Does 43 divide 258?
True
Is 807 a multiple of 3?
True
Is 732 a multiple of 12?
True
Does 99 divide 174?
False
Is 347 a multiple of 17?
False
Is 185 a multiple of 24?
False
Is 59 a factor of 2835?
False
Is 132 a factor of 5785?
False
Does 81 divide 21687?
False
Does 21 divide 504?
True
Is 2004 a multiple of 16?
False
Is 684 a multiple of 15?
False
Is 2898 a multiple of 18?
True
Does 55 divide 1485?
True
Is 2 a factor of 14?
True
Does 24 divide 1645?
False
Does 43 divide 32852?
True
Is 20 a factor of 407?
False
Is 1605 a multiple of 64?
False
Is 17730 a multiple of 18?
True
Is 340 a multiple of 25?
False
Does 112 divide 4592?
True
Is 46359 a multiple of 26?
False
Is 9812 even?
True
Does 2 divide 39?
False
Is 27 a factor of 9099?
True
Does 108 divide 7128?
True
Is 260 a multiple of 10?
True
Is 21 a factor of 4203?
False
Does 31 divide 473?
False
Is 38 a factor of 138?
False
Does 42 divide 31290?
True
Is 5 a factor of 896?
False
Does 20 divide 22060?
True
Is 609 a multiple of 21?
True
Does 13 divide 52986?
False
Is 1085 a multiple of 24?
False
Is 1609 a multiple of 15?
False
Is 64 a multiple of 18?
False
Does 12 divide 16421?
False
Is 13 a factor of 130?
True
Is 1569 a multiple of 23?
False
Does 22 divide 82?
False
Is 27 a factor of 1782?
True
Is 24 a factor of 514?
False
Is 6630 a multiple of 221?
True
Does 135 divide 11880?
True
Is 9072 a multiple of 54?
True
Does 3 divide 938?
False
Is 69 a multiple of 10?
False
Is 1220 a multiple of 106?
False
Is 12 a factor of 336?
True
Is 10070 a multiple of 2?
True
Does 8 divide 20032?
True
Is 2756 a multiple of 4?
True
Is 16551 a multiple of 17?
False
Does 24 divide 552?
True
Does 98 divide 25067?
False
Does 12 divide 28560?
True
Is 27 a factor of 4325?
False
Is 16 a factor of 256?
True
Does 17 divide 569?
False
Does 10 divide 7591?
False
Does 4 divide 3536?
True
Is 1220 a multiple of 20?
True
Does 47 divide 58267?
False
Is 14 a factor of 2139?
False
Does 12 divide 3144?
True
Is 741 a multiple of 23?
False
Is 24 a factor of 336?
True
Is 8526 a multiple of 49?
True
Is 27 a factor of 10128?
False
Is 8116 a multiple of 158?
False
Does 4 divide 273?
False
Does 14 divide 2128?
True
Is 168 a multiple of 6?
True
Is 155 a factor of 6680?
False
Is 667 a multiple of 2?
False
Does 9 divide 1467?
True
Is 61072 a multiple of 16?
True
Is 45 a factor of 16920?
True
Is 4 a factor of 212?
True
Is 374 a multiple of 10?
False
Is 9 a factor of 1107?
True
Is 20 a factor of 16040?
True
Does 19 divide 266?
True
Does 24 divide 170160?
True
Is 993 a multiple of 6?
False
Is 26 a factor of 702?
True
Is 43 a factor of 197?
False
Is 699 a multiple of 3?
True
Does 12 divide 3144?
True
Is 42 a factor of 840?
True
Is 2 a factor of 1042?
True
Does 11 divide 39314?
True
Does 4 divide 7476?
True
Is 506 a multiple of 23?
True
Is 16 a factor of 6973?
False
Is 9 a factor of 31492?
False
Is 89 a factor of 4840?
False
Is 15 a factor of 1785?
True
Is 4140 a multiple of 151?
False
Is 12 a factor of 931?
False
Is 175 a multiple of 5?
True
Does 127 divide 5377?
False
Is 241 a multiple of 66?
False
Is 11 a factor of 306?
False
Does 16 divide 727?
False
Is 8 a factor of 3344?
True
Is 9 a factor of 108?
True
Is 904 a multiple of 8?
True
Is 41 a factor of 3403?
True
Is 80 a factor of 48306?
False
Is 53 a factor of 3286?
True
Is 4 a factor of 6420?
True
Does 91 divide 855?
False
Is 12070 a multiple of 10?
True
Is 30 a factor of 540?
True
Does 30 divide 1125?
False
Does 9 divide 1674?
True
Does 13 divide 676?
True
Is 26 a factor of 17628?
True
Does 51 divide 79?
False
Is 6 a factor of 5598?
True
Is 4928 a multiple of 77?
True
Is 25 a factor of 6525?
True
Is 23 a factor of 1081?
True
Is 24062 a multiple of 53?
True
Does 9 divide 507?
False
Is 7873 a multiple of 22?
False
Does 18 divide 2585?
False
Is 6528 a multiple of 227?
False
Is 155703 a multiple of 213?
True
Is 14 a factor of 15899?
False
Is 94 a factor of 2632?
True
Is 13317 a multiple of 193?
True
Is 1773 a multiple of 30?
False
Is 133 a factor of 31326?
False
Does 20 divide 6412?
False
Is 17 a factor of 41021?
True
Is 60301 a multiple of 23?
False
Is 55 a factor of 165?
True
Does 34 divide 71?
False
Does 3 divide 266?
False
Is 9827 a multiple of 31?
True
Does 13 divide 857?
False
Is 16614 a multiple of 26?
True
Is 28288 a multiple of 13?
True
Is 1820 a multiple of 20?
True
Is 11574 a multiple of 12?
False
Does 46 divide 552?
True
Does 9 divide 46349?
False
Is 35127 a multiple of 108?
False
Is 565 a multiple of 30?
False
Is 17 a factor of 12768?
False
Does 186 divide 6878?
False
Is 36935 a multiple of 177?
False
Is 3 a factor of 591?
True
Does 96 divide 8291?
False
Does 7 divide 1424?
False
Is 18056 a multiple of 64?
False
Is 61446 a multiple of 114?
True
Is 13 a factor of 15143?
False
Does 17 divide 284?
False
Is 6 a factor of 336?
True
Is 79 a factor of 237?
True
Is 12 a factor of 2400?
True
Does 14 divide 250?
False
Is 1890 a multiple of 18?
True
Is 25272 a multiple of 72?
True
Is 927 a multiple of 17?
False
Does 13 divide 3695?
False
Is 11253 a multiple of 11?
True
Is 4089 a multiple of 141?
True
Does 26 divide 4345?
False
Does 53 divide 1443?
False
Is 35409 a multiple of 33?
True
Is 8806 a multiple of 74?
True
Is 14 a factor of 22302?
True
Is 19 a factor of 918?
False
Is 64 a factor of 71488?
True
Is 141 a factor of 58252?
False
Is 16 a factor of 15700?
False
Does 6 divide 1434?
True
Is 15 a factor of 4708?
False
Is 7282 a multiple of 11?
True
Is 1280 a multiple of 16?
True
Is 4 a factor of 11296?
True
Is 380 a multiple of 5?
True
Is 118 a factor of 133944?
False
Is 2015 a multiple of 65?
True
Is 26 a factor of 8580?
True
Is 9 a factor of 360?
True
Does 35 divide 196?
False
Is 3312 a multiple of 36?
True
Is 11 a factor of 847?
True
Is 70 a factor of 12600?
True
Does 26 divide 1320?
False
Is 4575 a multiple of 75?
True
Does 323 divide 68203?
False
Is 2 a factor of 442?
True
Is 64839 a multiple of 465?
False
Does 45 divide 720?
True
Is 4976 a multiple of 13?
False
Does 6 divide 1765?
False
Does 39 divide 18892?
False
Is 23 a factor of 371?
False
Is 22 a factor of 1122?
True
Is 2 a factor of 124?
True
Is 8 a factor of 9163?
False
Is 238 a multiple of 119?
True
Is 29 a factor of 2819?
False
Is 900 a multiple of 9?
True
Is 474 a multiple of 6?
True
Is 790 a multiple of 10?
True
Is 58 a factor of 2900?
True
Is 8780 a multiple of 20?
True
Is 18 a factor of 54?
True
Is 3439 a multiple of 4?
False
Does 10 divide 682?
False
Is 1416 a multiple of 24?
True
Is 1540 a multiple of 33?
False
Does 172 divide 31648?
True
Is 42 a factor of 16696?
False
Is 378 a multiple of 21?
True
Is 6255 a multiple of 139?
True
Does 118 divide 34783?
False
Is 5598 a multiple of 9?
True
Is 23929 a multiple of 93?
False
Is 522 a multiple of 18?
True
Is 23 a factor of 493?
False
Is 4845 a multiple of 17?
True
Does 2 divide 732?
True
Is 27 a factor of 1026?
True
Is 127 a factor of 94107?
True
Is 21 a factor of 1339?
False
Is 100 a factor of 1147?
False
Is 53 a factor of 1146?
False
Does 171 divide 3927?
False
Does 117 divide 29108?
False
Does 28 divide 10696?
True
Is 10949 a multiple of 48?
False
Is 828 a multiple of 18?
True
Does 28 divide 9940?
True
Is 554 a multiple of 3?
False
Is 108 a multiple of 2?
True
Does 117 divide 2223?
True
Is 7787 a multiple of 13?
True
Is 714 a multiple of 51?
True
Does 5 divide 308?
False
Is 11 a factor of 3399?
True
Is 2 a factor of 737?
False
Is 6794 a multiple of 5?
False
Does 237 divide 1423?
False
Does 47 divide 2539?
False
Does 4 divide 42124?
True
Is 72 a multiple of 11?
False
Is 35 a factor of 3080?
True
Is 90 a multiple of 2?
True
Is 9856 a multiple of 112?
True
Is 69680 a multiple of 52?
True
Is 16 a factor of 16563?
False
Is 347 a multiple of 21?
False
Does 149 divide 17308?
False
Does 4 divide 1993?
False
Is 3069 a multiple of 31?
True
Is 521 a multiple of 28?
False
Does 320 divide 8000?
True
Does 21 divide 1547?
False
Does 12 divide 246?
False
Does 15 divide 4125?
True
Is 96777 a multiple of 250?
False
Is 456 a multiple 